, 11, 13
What are the prime factors of 21161340?
2, 3, 5, 117563
What are the prime factors of 6960328?
2, 103, 8447
What are the prime factors of 6891401?
11, 127, 4933
What are the prime factors of 492893?
492893
What are the prime factors of 4250?
2, 5, 17
List the prime factors of 195148.
2, 48787
List the prime factors of 12741993.
3, 11, 17, 67, 113
List the prime factors of 538054.
2, 11, 37, 661
List the prime factors of 27125868.
2, 3, 7, 11, 31, 947
List the prime factors of 1813706.
2, 97, 9349
List the prime factors of 263237.
13, 20249
What are the prime factors of 1563642?
2, 3, 86869
List the prime factors of 260312.
2, 13, 2503
What are the prime factors of 2006515?
5, 7, 57329
What are the prime factors of 2924989?
43, 68023
List the prime factors of 496589.
31, 83, 193
List the prime factors of 9828758.
2, 4914379
List the prime factors of 1207132.
2, 23, 13121
List the prime factors of 10275838.
2, 5137919
What are the prime factors of 16200300?
2, 3, 5, 54001
List the prime factors of 565057.
565057
List the prime factors of 384631.
13, 29587
List the prime factors of 1698600.
2, 3, 5, 19, 149
List the prime factors of 449854.
2, 17, 101, 131
What are the prime factors of 102665?
5, 20533
List the prime factors of 374687.
374687
What are the prime factors of 211636?
2, 157, 337
What are the prime factors of 1372708?
2, 343177
What are the prime factors of 408287?
11, 37117
List the prime factors of 8250847.
11, 750077
What are the prime factors of 519062?
2, 259531
List the prime factors of 10904232.
2, 3, 29, 15667
What are the prime factors of 1961842?
2, 980921
What are the prime factors of 2443351?
2443351
List the prime factors of 795586.
2, 11, 29, 43
List the prime factors of 35592.
2, 3, 1483
What are the prime factors of 17317851?
3, 5772617
List the prime factors of 50212.
2, 12553
List the prime factors of 975590.
2, 5, 7, 11, 181
What are the prime factors of 20899945?
5, 11, 379999
List the prime factors of 923464.
2, 89, 1297
What are the prime factors of 509556?
2, 3, 42463
List the prime factors of 672363.
3, 74707
List the prime factors of 551798.
2, 13, 19, 1117
What are the prime factors of 2301106?
2, 73, 15761
What are the prime factors of 2090517?
3, 11, 13, 443
What are the prime factors of 18720641?
41, 59, 71, 109
List the prime factors of 1551648.
2, 3, 7, 2309
List the prime factors of 14106396.
2, 3, 17, 69149
List the prime factors of 10502753.
17, 617809
What are the prime factors of 2299633?
7, 328519
What are the prime factors of 629911?
109, 5779
List the prime factors of 3520828.
2, 541, 1627
What are the prime factors of 8498441?
7, 73, 16631
What are the prime factors of 1448123?
19, 199, 383
List the prime factors of 179345.
5, 35869
What are the prime factors of 15805272?
2, 3, 7, 94079
List the prime factors of 40619.
151, 269
List the prime factors of 852663.
3, 7, 19, 2137
What are the prime factors of 13796?
2, 3449
What are the prime factors of 3339892?
2, 139, 6007
List the prime factors of 5574027.
3, 23, 80783
What are the prime factors of 574215?
3, 5, 38281
List the prime factors of 304535.
5, 7, 11, 113
What are the prime factors of 11680918?
2, 23, 197, 1289
List the prime factors of 5962453.
7, 317, 2687
List the prime factors of 1008461.
31, 32531
List the prime factors of 245299.
245299
What are the prime factors of 638214?
2, 3, 17, 6257
What are the prime factors of 52508?
2, 13127
What are the prime factors of 1113432?
2, 3, 17, 2729
List the prime factors of 874838.
2, 421, 1039
What are the prime factors of 1232954?
2, 449, 1373
What are the prime factors of 631060?
2, 5, 139, 227
List the prime factors of 1524030.
2, 3, 5, 37, 1373
What are the prime factors of 33185541?
3, 29, 381443
What are the prime factors of 14805535?
5, 197, 15031
List the prime factors of 1724146.
2, 239, 3607
List the prime factors of 1707805.
5, 11, 31051
What are the prime factors of 258625?
5, 2069
List the prime factors of 9411966.
2, 3, 522887
What are the prime factors of 8007632?
2, 43, 103, 113
What are the prime factors of 1191681?
3, 132409
What are the prime factors of 1005928?
2, 7, 11, 23, 71
List the prime factors of 3307317.
3, 13, 137, 619
List the prime factors of 16773732.
2, 3, 19, 137, 179
What are the prime factors of 19637?
73, 269
List the prime factors of 1391676.
2, 3, 11, 13, 811
List the prime factors of 926917.
53, 17489
What are the prime factors of 24490672?
2, 1530667
List the prime factors of 31695914.
2, 19, 97, 8599
List the prime factors of 371584.
2, 2903
List the prime factors of 15395563.
167, 92189
List the prime factors of 19825925.
5, 7, 193, 587
List the prime factors of 613313.
431, 1423
List the prime factors of 302822.
2, 13, 19, 613
What are the prime factors of 1658669?
1658669
List the prime factors of 19775.
5, 7, 113
What are the prime factors of 7112361?
3, 31, 2467
List the prime factors of 195937.
7, 23, 1217
List the prime factors of 8930982.
2, 3, 521, 2857
List the prime factors of 18081427.
7, 13, 23, 53, 163
What are the prime factors of 163290?
2, 3, 5, 5443
What are the prime factors of 11349749?
1051, 10799
What are the prime factors of 802508?
2, 7, 28661
List the prime factors of 82043.
13, 6311
What are the prime factors of 361934?
2, 37, 67, 73
What are the prime factors of 6787354?
2, 7, 37, 13103
List the prime factors of 34680274.
2, 23, 43, 89, 197
What are the prime factors of 718227?
3, 8867
What are the prime factors of 4607842?
2, 19, 121259
What are the prime factors of 29256834?
2, 3, 179, 27241
What are the prime factors of 546047?
546047
List the prime factors of 213695.
5, 79, 541
What are the prime factors of 1454481?
3, 7, 23087
What are the prime factors of 55655?
5, 11131
What are the prime factors of 1040212?
2, 19, 13687
List the prime factors of 209517.
3, 7, 11, 907
List the prime factors of 12890466.
2, 3, 716137
List the prime factors of 563468.
2, 140867
What are the prime factors of 4985594?
2, 2492797
List the prime factors of 682788.
2, 3, 17, 3347
What are the prime factors of 395069?
395069
What are the prime factors of 26164?
2, 31, 211
List the prime factors of 12221842.
2, 1637, 3733
List the prime factors of 17537133.
3, 19, 307669
What are the prime factors of 1105615?
5, 7, 31, 1019
List the prime factors of 616779.
3, 68531
What are the prime factors of 928369?
13, 71413
What are the prime factors of 104933?
104933
List the prime factors of 2535685.
5, 507137
What are the prime factors of 8703090?
2, 3, 5, 11, 59, 149
What are the prime factors of 184322?
2, 23, 4007
What are the prime factors of 64830?
2, 3, 5, 2161
List the prime factors of 3729529.
19, 196291
List the prime factors of 10563753.
3, 19, 241, 769
What are the prime factors of 234736?
2, 17, 863
List the prime factors of 813900.
2, 3, 5, 2713
What are the prime factors of 14135483?
17, 229, 3631
What are the prime factors of 37832?
2, 4729
What are the prime factors of 6468141?
3, 101, 21347
What are the prime factors of 29276718?
2, 3, 29, 113, 1489
What are the prime factors of 145273?
53, 2741
List the prime factors of 434257.
43, 10099
List the prime factors of 102857.
73, 1409
What are the prime factors of 11620230?
2, 3, 5, 387341
List the prime factors of 43915.
5, 8783
List the prime factors of 13644094.
2, 29, 235243
List the prime factors of 581190.
2, 3, 5, 19373
What are the prime factors of 1094604?
2, 3, 7, 83, 157
What are the prime factors of 6689735?
5, 13, 101, 1019
List the prime factors of 441501.
3, 367, 401
List the prime factors of 6849403.
11, 37, 16829
List the prime factors of 435659.
7, 17, 523
What are the prime factors of 3484481?
7, 11, 13, 59
What are the prime factors of 168416?
2, 19, 277
List the prime factors of 5832837.
3, 349, 619
What are the prime factors of 898434?
2, 3, 19, 37, 71
List the prime factors of 778553.
778553
What are the prime factors of 637818?
2, 3, 106303
What are the prime factors of 264934?
2, 139, 953
List the prime factors of 154046.
2, 77023
What are the prime factors of 33082?
2, 7, 17, 139
List the prime factors of 208493.
208493
List the prime factors of 10054773.
3, 124133
List the prime factors of 92244.
2, 3, 7687
What are the prime factors of 344447?
53